ulate the greatest common factor of 1921385350 and 20.
10
What is the greatest common factor of 38780 and 3180520?
140
Calculate the greatest common factor of 24726 and 32366651.
317
Calculate the greatest common divisor of 3255111 and 243.
9
What is the highest common divisor of 1079 and 140166?
13
Calculate the greatest common factor of 906 and 56454219.
453
What is the greatest common divisor of 49217868 and 1386?
126
Calculate the highest common factor of 837 and 860450229.
837
What is the highest common factor of 5374028 and 529100?
1628
Calculate the greatest common factor of 359329 and 3197.
23
Calculate the highest common factor of 49259 and 500535.
1589
Calculate the greatest common factor of 445985532 and 180.
36
What is the highest common factor of 84 and 47599293?
21
Calculate the greatest common factor of 139984250 and 2870.
2870
Calculate the greatest common factor of 52175 and 8554613.
2087
Calculate the highest common divisor of 100300542 and 41676.
906
Calculate the highest common factor of 1961 and 2607971.
53
What is the greatest common divisor of 1302 and 14375130?
42
Calculate the highest common divisor of 943 and 24362077.
41
Calculate the highest common factor of 95314015 and 2895.
965
What is the highest common divisor of 340038 and 10322882?
4198
What is the greatest common factor of 1015572268 and 552?
92
What is the highest common divisor of 308284 and 4386798?
4166
Calculate the highest common factor of 25220 and 1197306890.
12610
Calculate the greatest common factor of 88 and 3745346.
22
What is the greatest common divisor of 148045 and 19807?
29
What is the highest common factor of 21520 and 11417705?
1345
Calculate the highest common divisor of 17324086 and 182.
26
Calculate the greatest common factor of 80 and 438157460.
20
What is the highest common divisor of 8904 and 22154424?
1272
What is the highest common factor of 56007 and 312506614?
6223
What is the greatest common divisor of 624640 and 50432?
256
Calculate the greatest common factor of 4420350 and 269775.
2475
What is the greatest common factor of 87976 and 290696?
56
Calculate the greatest common divisor of 97727 and 38801.
161
Calculate the greatest common divisor of 3 and 351111.
3
Calculate the highest common factor of 104676 and 9372.
132
Calculate the greatest common factor of 152256 and 749019.
183
Calculate the greatest common divisor of 519597659 and 1526.
763
What is the highest common divisor of 9407 and 5827809?
23
What is the greatest common factor of 24 and 65323716?
12
Calculate the highest common factor of 63264559 and 27443.
2111
What is the highest common factor of 91 and 67927028?
13
What is the greatest common factor of 33747 and 14637?
21
Calculate the greatest common divisor of 864 and 750336.
96
What is the greatest common divisor of 2830925 and 27200?
425
Calculate the greatest common divisor of 2035989 and 810.
27
Calculate the greatest common divisor of 68721558 and 9930.
1986
What is the highest common divisor of 96057 and 411321?
2463
Calculate the highest common factor of 125 and 378905.
5
Calculate the highest common factor of 5410671 and 84.
21
Calculate the greatest common divisor of 638749 and 1579225.
181
What is the highest common factor of 216 and 3420810?
18
Calculate the highest common factor of 13756457 and 1144.
143
Calculate the highest common divisor of 2964467 and 473.
11
What is the highest common factor of 10374462 and 3288?
822
What is the highest common divisor of 61880 and 281282?
34
What is the greatest common factor of 12155 and 92?
1
What is the highest common divisor of 20725 and 8096843?
829
What is the highest common factor of 2078788 and 314087?
709
Calculate the highest common divisor of 9868386 and 1650.
66
Calculate the greatest common divisor of 41798935 and 2645.
2645
What is the greatest common factor of 65195052 and 6240?
156
What is the greatest common factor of 1391 and 357422?
13
What is the highest common divisor of 1482 and 48091641?
741
Calculate the greatest common divisor of 125 and 1863550.
25
Calculate the greatest common factor of 7511372 and 56.
4
Calculate the highest common divisor of 1273166 and 106.
106
What is the greatest common factor of 25647 and 381219?
249
What is the highest common factor of 56 and 3477548?
4
What is the highest common divisor of 84 and 4999708?
28
What is the highest common divisor of 297 and 2072169?
297
What is the greatest common factor of 9520395 and 83085?
2865
What is the highest common factor of 230332914 and 434?
434
What is the highest common factor of 700780 and 11600?
20
What is the greatest common divisor of 791 and 285555746?
791
Calculate the highest common factor of 731032 and 3045.
29
Calculate the greatest common divisor of 285653264 and 894.
298
Calculate the highest common divisor of 16 and 531299.
1
Calculate the greatest common divisor of 17334989 and 499625.
3997
Calculate the greatest common factor of 302546751 and 39.
39
Calculate the highest common divisor of 132652 and 130.
26
Calculate the greatest common factor of 3170200 and 1925.
275
What is the greatest common factor of 49941915 and 3045?
435
What is the greatest common factor of 19 and 20330874?
19
Calculate the highest common factor of 171880 and 78523378.
8594
What is the highest common divisor of 119337634 and 164?
82
Calculate the highest common factor of 12 and 2071140.
12
Calculate the greatest common divisor of 181231770 and 80430.
11490
Calculate the greatest common divisor of 36921690 and 583570.
8710
What is the highest common factor of 79384937 and 7314?
1219
Calculate the greatest common divisor of 29 and 411497298.
29
What is the greatest common factor of 20 and 1083580?
20
Calculate the highest common divisor of 8 and 104799962.
2
What is the highest common factor of 88816 and 31562986?
11102
Calculate the highest common divisor of 14643475 and 505.
5
Calculate the highest common factor of 19691 and 980476.
679
Calculate the greatest common divisor of 662 and 10998137.
331
Calculate the greatest common divisor of 1016830 and 8740.
230
Calculate the highest common factor of 3048334470 and 90.
90
What is the highest common factor of 159 and 50433899?
53
What is the greatest common factor of 9601976 and 632?
632
Calculate the highest common divisor of 284256 and 369.
9
What is the highest common factor of 134481 and 188393?
23
Calculate the highest common factor of 11007 and 17925511.
1223
Calculate the highest common divisor of 11159531 and 391.
391
Calculate the highest common factor of 243 and 249664761.
243
Calculate the highest common divisor of 24601 and 3807763.
337
Calculate the greatest common divisor of 228084 and 578676.
996
Calculate the highest common divisor of 4183777 and 299.
13
Calculate the greatest common factor of 144 and 3234488.
8
What is the highest common factor of 19929091 and 455?
91
What is the highest common factor of 10962 and 39723504?
174
What is the highest common factor of 1166460 and 54240?
60
Calculate the highest common factor of 25 and 582482475.
25
Calculate the greatest common divisor of 321765 and 101745.
285
Calculate the highest common factor of 18963159 and 114.
57
What is the greatest common factor of 209650 and 1417833?
599
Calculate the highest common divisor of 5 and 18873815.
5
Calculate the greatest common divisor of 3456 and 1932276.
12
Calculate the highest common divisor of 485420 and 11570.
130
What is the highest common factor of 137712960 and 7?
7
What is the greatest common divisor of 4605 and 13084647?
921
What is the highest common divisor of 322591530 and 1110?
1110
What is the highest common factor of 10948 and 64295672?
644
Calculate the highest common factor of 192970437 and 138.
69
Calculate the highest common divisor of 264 and 5979816.
24
What is the greatest common divisor of 1683 and 141858693?
153
What is the highest common factor of 72 and 110504988?
36
Calculate the highest common divisor of 198 and 113531.
11
Calculate the highest common divisor of 51132961 and 3938.
1969
Calculate the highest common divisor of 44448 and 8893728.
96
Calculate the highest common factor of 8580676 and 10664.
124
Calculate the greatest common factor of 3825 and 7725.
75
What is the greatest common factor